ert -1123302334 (base 5) to base 15.
-357799
Convert -47a5a3 (base 13) to base 2.
-110100001000000001111
What is -131264115 (base 7) in base 16?
-803664
What is -3201302323 (base 4) in base 12?
-387277
Convert 217193 (base 13) to base 12.
31b3bb
What is 2433150 (base 6) in base 11?
88a2a
Convert 72ea7 (base 15) to base 11.
229892
Convert -10001544 (base 6) to base 7.
-2245243
Convert 42585 (base 12) to base 8.
252265
-5009c1 (base 13) to base 10
-1858143
-10b66 (base 14) to base 11
-28606
What is -4514a61 (base 12) in base 6?
-1151143001
Convert -1200114041 (base 5) to base 4.
-22130213112
What is 111010000111111100001 (base 2) in base 3?
10120202122002
Convert 2111400 (base 7) to base 4.
332101011
What is -11403a (base 11) in base 10?
-181059
What is 2769694 (base 10) in base 12?
b169ba
552503 (base 7) to base 13
351a7
17babc (base 13) to base 4
2101303300
Convert -122330302 (base 4) to base 13.
-3b323
Convert -101011010100100110100 (base 2) to base 9.
-2603252
Convert -1316225 (base 7) to base 11.
-108791
-1313135 (base 7) to base 12
-8335b
Convert -121995 (base 12) to base 5.
-33342231
-129ce5 (base 15) to base 3
-1200102012222
What is 3140411101 (base 5) in base 7?
106615234
Convert -240973 (base 10) to base 8.
-726515
What is -934900 (base 14) in base 9?
-10312328
What is -20103022110 (base 4) in base 9?
-4075363
What is 276247 (base 8) in base 4?
113302213
129ba3 (base 15) to base 9
1611740
What is -7560105 (base 8) in base 7?
-23125253
14040022 (base 6) to base 15
94ba8
What is 47a21a (base 12) in base 8?
4325666
Convert -e05cc (base 15) to base 10.
-710067
Convert 663457 (base 10) to base 7.
5432164
What is 151423442 (base 6) in base 13?
8686ca
Convert -204064 (base 9) to base 5.
-12333242
444532 (base 7) to base 10
78472
What is -100010101101010101011 (base 2) in base 9?
-2123102
Convert -14522c (base 16) to base 13.
-37822a
What is 2301311202 (base 4) in base 9?
1330173
What is 301203314 (base 5) in base 13?
32a743
14557 (base 16) to base 7
464551
What is 2160531 (base 8) in base 9?
1076281
Convert 11000010010010010001110 (base 2) to base 11.
3659151
What is 154421052 (base 6) in base 11?
1954267
Convert -2623335 (base 7) to base 14.
-8c98c
e4628 (base 15) to base 9
1322572
What is 272004 (base 8) in base 6?
2012524
Convert -2076625 (base 8) to base 5.
-120301222
Convert -8c359c (base 15) to base 6.
-355250133
What is 7549a (base 15) in base 9?
626621
What is 1021020021201 (base 3) in base 8?
2444014
Convert -3ee8 (base 15) to base 7.
-54224
Convert 9b9231 (base 14) to base 11.
2a92055
-21001224 (base 5) to base 12
-836a8
What is -2447147 (base 9) in base 6?
-44303541
What is -ab9104 (base 14) in base 7?
-100342404
What is 11011222102222 (base 3) in base 2?
1000011110111010011101
1b7c5 (base 16) to base 3
12201102200
What is -7d768e (base 15) in base 7?
-101663246
Convert 213221310113 (base 4) to base 10.
10394903
Convert 61fd9c (base 16) to base 8.
30376634
What is -205682 (base 11) in base 13?
-b701a
Convert 1131031133 (base 4) to base 15.
781cb
Convert 213b6 (base 12) to base 3.
2020001010
404560 (base 8) to base 10
133488
651625 (base 9) to base 6
12153505
What is -1877300 (base 9) in base 16?
-101982
What is 1626604 (base 8) in base 16?
72d84
What is 184080 (base 9) in base 5?
12131100
Convert 1012122201022 (base 3) to base 7.
5314652
Convert 1365336 (base 7) to base 11.
116575
What is -2378a (base 14) in base 12?
-42112
Convert -11520047 (base 10) to base 2.
-101011111100100000101111
Convert -436355 (base 7) to base 16.
-12b84
Convert 2016838 (base 12) to base 7.
102015104
Convert -1a17833 (base 12) to base 4.
-111000303213
Convert 1314001 (base 6) to base 2.
10001100111010001
Convert -83965 (base 14) to base 2.
-1001101011111100101
What is -dcf36 (base 16) in base 11?
-568a50
-23ba7a (base 13) to base 11
-533880
43a074 (base 12) to base 10
1074904
What is 1100111010110101001 (base 2) in base 16?
675a9
What is -259522 (base 10) in base 12?
-10622a
Convert -136173 (base 12) to base 16.
-4e867
What is 3310632 (base 11) in base 10?
5813238
Convert -1101220110012 (base 3) to base 12.
-2bb928
What is -2337a1 (base 12) in base 6?
-20045121
Convert d3a49 (base 15) to base 3.
1021001211220
Convert 11010110101001111000 (base 2) to base 9.
1580055
Convert -8761b (base 13) to base 4.
-323302221
-101201012000010 (base 3) to base 11
-3238568
3115414 (base 7) to base 15
75c87
What is 6665a4 (base 12) in base 11?
a12674
What is 1027066 (base 9) in base 7?
4446462
11111332 (base 6) to base 3
122001220202
What is 100010010000101111100 (base 2) in base 7?
12354063
-15335344 (base 6) to base 10
-541648
What is -59b49 (base 15) in base 8?
-1056534
Convert -9aa0d (base 14) to base 9.
-631551
Convert -202453240 (base 6) to base 5.
-1343201442
213432303 (base 6) to base 12
133b693
11100000010011001 (base 2) to base 13
4036c
100001011101011010 (base 2) to base 6
2534254
-1213123 (base 7) to base 14
-40583
What is 780583 (base 10) in base 4?
2332210213
What is -1638250 (base 15) in base 11?
-9114a00
What is 17350373 (base 9) in base 16?
84f465
Convert -265698 (base 11) to base 13.
-118006
What is -248066 (base 11) in base 3?
-201212212210
What is 1bc1dc (base 14) in base 11?
619660
403a1 (base 12) to base 2
10100011000101001
What is 14747 (base 11) in base 4?
11011333
Convert -6470b (base 13) to base 5.
-21300343
Convert 5015 (base 11) to base 2.
1101000001111
-2111011 (base 7) to base 9
-427534
Convert -1e88c (base 15) to base 8.
-302737
What is -224777 (base 10) in base 3?
-102102100002
What is -1376710 (base 8) in base 12?
-16b288
What is -7f2d4 (base 16) in base 4?
-1333023110
34228 (base 11) to base 5
3041034
-10011010111011100010010 (base 2) to base 15
-6a4354
Convert 3143344 (base 5) to base 2.
1100111011101110
-241224 (base 9) to base 13
-51166
17bd5 (base 14) to base 4
32220333
Convert -2110000200020 (base 3) to base 13.
-36669c
Convert cdf643 (base 16) to base 15.
12b95b8
What is 457592 (base 10) in base 14?
bca92
Convert -6031612 (base 8) to base 10.
-1586058
Convert -2133345 (base 10) to base 5.
-1021231340
-4026612 (base 8) to base 12
-43168a
What is -673306 (base 8) in base 9?
-375357
What is 5348b (base 15) in base 7?
2150333
7b1434 (base 13) to base 6
142300350
Convert -c1cc3 (base 16) to base 7.
-6514162
What is 50a70 (base 15) in base 6?
5250440
What is aaa625 (base 14) in base 4?
112011311021
What is -5852488 (base 10) in base 14?
-ac4b8c
What is 200000120 (base 4) in base 2?
100000000000011000
3b6361 (base 12) to base 2
11110000100101111001
4541344 (base 7) to base 12
2329b1
Convert 1580241 (base 9) to base 3.
1122200021101
What is -4552541 (base 6) in base 13?
-81b5c
What is -411460 (base 7) in base 15?
-15c0a
What is -3300404 (base 5) in base 2?
-1101110000100010
What is 130310230 (base 7) in base 12?
2938617
Convert 12133332312 (base 4) to base 8.
6377666
What is 604056 (base 8) in base 4?
300200232
Convert 1501552 (base 7) to base 13.
71113
What is -38419 (base 11) in base 10?
-55075
Convert 5d836 (base 14) to base 6.
4525520
-637a12 (base 11) to base 16
-f9361
303002114 (base 5) to base 13
338b2b
What is -1014444032 (base 5) in base 7?
-23633316
-308a7 (base 16) to base 6
-4132251
1021021001 (base 3) to base 12
12554
What is -208cd28 (base 14) in base 4?
-322300032320
Convert 11134120 (base 5) to base 6.
2043353
-a2dd (base 16) to base 3
-2010012012
Convert 21011112 (base 3) to base 10.
5225
What is -10010001101001100010 (base 2) in base 14?
-1175aa
Convert 252233533 (base 6) to base 7.
56262402
-40ab9 (base 14) to base 15
-3125c
-2677ac (base 14) to base 3
-2111102010120
Convert -77261 (base 11) to base 7.
-644601
What is 2220116 (base 11) in base 10?
3894644
Convert 219364 (base 15) to base 7.
16414144
Convert 5153044 (base 6) to base 5.
30420322
Convert -6b4 (base 14) to base 4.
-110312
Convert 1276462 (base 8) to base 2.
1010111110100110010
What is 211212102003 (base 4) in base 10?
9856131
What is -30502443 (base 7) in base 3?
-11210211121000
Convert ea79 (base 15) to base 6.
1021410
-10033313320 (base 4) to base 10
-1113592
-348480 (base 10) to base 7
-2650656
1110110111101001110 (base 2) to base 7
4066354
20112120100 (base 3) to base 2
11111011011001110
-819190 (base 13) to base 7
-34442434
What is 9901a3 (base 12) i